{"id":1452,"date":"2021-03-07T14:31:42","date_gmt":"2021-03-07T17:31:42","guid":{"rendered":"https:\/\/ieslolamora-tuc.infd.edu.ar\/sitio\/?page_id=1452"},"modified":"2024-03-12T13:07:18","modified_gmt":"2024-03-12T16:07:18","slug":"comunicado-sobre-becas-de-masters-y-doctorados-en-francia","status":"publish","type":"page","link":"https:\/\/ieslolamora-tuc.infd.edu.ar\/sitio\/comunicado-sobre-becas-de-masters-y-doctorados-en-francia\/","title":{"rendered":"Comunicado sobre Becas de M\u00e1sters y Doctorados en Francia"},"content":{"rendered":"<p>Estimados Colegas Formadores de Profesores de Franc\u00e9s<\/p>\n<p>Comunicamos que se encuentra abierta la inscripci\u00f3n para la postulaci\u00f3n a Becas de M\u00e1sters y Doctorados.<\/p>\n<p>Presentamos a continuaci\u00f3n las propuestas enviadas desde Embajada de Francia y el Institut Fran\u00e7ais en Argentina.<\/p>\n<p>Saludos cordiales<\/p>\n<p style=\"text-align: right;\">Dra. Prof. Sandra Faedda<\/p>\n<p style=\"text-align: right;\">Rectora IES Lola Mora<\/p>\n<p>Buenos d\u00edas:<\/p>\n<p style=\"font-weight: 400;\">Tenemos el agrado de comunicarles que est\u00e1 abierta la convocatoria 2024-2025 del programa de\u00a0<strong>BECAS DE MASTER A DISTANCIA EN UNIVERSIDADES FRANCESAS (Did\u00e1ctica del Franc\u00e9s Lengua extranjera y Ciencias del lenguaje)<\/strong>, destinado a docentes de franc\u00e9s de Argentina. Las condiciones generales se encuentran descritas en nuestro sitio web (<a href=\"https:\/\/ifargentine.com.ar\/programas\/master-fle\" data-saferedirecturl=\"https:\/\/www.google.com\/url?q=https:\/\/ifargentine.com.ar\/programas\/master-fle&amp;source=gmail&amp;ust=1710343097410000&amp;usg=AOvVaw2WVeCRWZoDirLQeiceNYRH\">versi\u00f3n en castellano<\/a>; los interesados encontrar\u00e1n todos los detalles e instrucciones para postular en la\u00a0<a href=\"https:\/\/ifargentine.com.ar\/fr\/programmes\/master-fle\" data-saferedirecturl=\"https:\/\/www.google.com\/url?q=https:\/\/ifargentine.com.ar\/fr\/programmes\/master-fle&amp;source=gmail&amp;ust=1710343097410000&amp;usg=AOvVaw2BmbBo41PZLNFXdfW7KUj2\">versi\u00f3n en franc\u00e9s<\/a>).<\/p>\n<p>Para el pr\u00f3ximo a\u00f1o acad\u00e9mico franc\u00e9s, la convocatoria se extiende a todos los docentes de Argentina poseedores de un t\u00edtulo que habilite al ejercicio docente en el pa\u00eds.\u00a0 Se ofrecer\u00e1n plazas en los programas de Master en Franc\u00e9s como Lengua Extranjera propuestos por las universidades de las Antillas, La R\u00e9union y Rouen-Normandie as\u00ed como el programa de Master en Ciencias del Lenguaje de la universidad de Rouen-Normandie.<\/p>\n<p style=\"font-weight: 400;\"><em><u>Atenci\u00f3n<\/u><\/em>: la\u00a0fecha l\u00edmite de postulaci\u00f3n\u00a0ha sido fijada el\u00a0<strong>domingo 10 de marzo de 2024 a las 23,59 horas<\/strong>.<\/p>\n<p style=\"font-weight: 400;\">Aprovechamos para llamar la atenci\u00f3n de los eventuales interesados en este programa que organizaremos un\u00a0<strong>webinario de ayuda para constituir el dossier de postulaci\u00f3n \u00a0el s\u00e1bado 2\/03<\/strong>. Todas las indicaciones y referencias para la\u00a0<a href=\"https:\/\/forms.gle\/fFCU4CsWpgtwnvi79\" data-saferedirecturl=\"https:\/\/www.google.com\/url?q=https:\/\/forms.gle\/fFCU4CsWpgtwnvi79&amp;source=gmail&amp;ust=1710343097410000&amp;usg=AOvVaw2-A8D3PirYHkozX8J5_aDi\">inscripci\u00f3n<\/a>\u00a0se encuentran en\u00a0<a href=\"https:\/\/ifargentine.com.ar\/fr\/programmes\/master-fle\" data-saferedirecturl=\"https:\/\/www.google.com\/url?q=https:\/\/ifargentine.com.ar\/fr\/programmes\/master-fle&amp;source=gmail&amp;ust=1710343097410000&amp;usg=AOvVaw2BmbBo41PZLNFXdfW7KUj2\">nuestro sitio web<\/a>.<\/p>\n<p>Les agradecemos de antemano la difusi\u00f3n de la iniciativa entre los docentes de franc\u00e9s de su jurisdicci\u00f3n y de sus entornos profesionales.<\/p>\n<p>Con un cordial saludo,<\/p>\n<p><strong>Luis Blanco Cook<br \/>\n<\/strong>Adjoint<strong><br \/>\n<\/strong>Coop\u00e9ration \u00e9ducative et linguistique<\/p>\n<p>2023-2024<\/p>\n<p>Buenos d\u00edas:<\/p>\n<p>Tenemos el agrado de comunicarles la apertura de la convocatoria 2023-2024 del programa de\u00a0<strong>BECAS DE MASTER A DISTANCIA EN UNIVERSIDADES FRANCESAS (Did\u00e1ctica del Franc\u00e9s Lengua extranjera y Ciencias del lenguaje)<\/strong>, destinado a docentes de franc\u00e9s de Argentina. Las condiciones generales se encuentran descritas en nuestro sitio web (<a href=\"https:\/\/ifargentine.com.ar\/programas\/master-fle\" data-saferedirecturl=\"https:\/\/www.google.com\/url?q=https:\/\/ifargentine.com.ar\/programas\/master-fle&amp;source=gmail&amp;ust=1676839002301000&amp;usg=AOvVaw1hb9pogwgs06CJICoOh7Be\">versi\u00f3n en castellano<\/a>; los interesados encontrar\u00e1n todos los detalles e instrucciones para postular en la\u00a0<a href=\"https:\/\/ifargentine.com.ar\/fr\/programmes\/master-fle\" data-saferedirecturl=\"https:\/\/www.google.com\/url?q=https:\/\/ifargentine.com.ar\/fr\/programmes\/master-fle&amp;source=gmail&amp;ust=1676839002301000&amp;usg=AOvVaw0JeZYXeoLR1xB7QI6fFhfM\">versi\u00f3n en franc\u00e9s<\/a>).<\/p>\n<p>Para el pr\u00f3ximo a\u00f1o acad\u00e9mico franc\u00e9s, la convocatoria se extiende a todos los docentes de Argentina poseedores de un t\u00edtulo que habilite al ejercicio docente en el pa\u00eds.\u00a0 Se ofrecer\u00e1n plazas en los programas de Master en Franc\u00e9s como Lengua Extranjera propuestos por las universidades de las Antillas, La R\u00e9union y Rouen-Normandie as\u00ed como el programa de Master en Ciencias del Lenguaje de la universidad de Rouen-Normandie.<\/p>\n<p><em><u>Atenci\u00f3n<\/u><\/em>: debido a un cambio en el calendario universitario franc\u00e9s, este a\u00f1o el cierre de la convocatoria se adelanta y la\u00a0fecha l\u00edmite de postulaci\u00f3n\u00a0ha sido fijada el\u00a0<strong>domingo 12 de marzo de 2023 a las 23:59 horas<\/strong>.<\/p>\n<p>Aprovechamos para llamar la atenci\u00f3n de los eventuales interesados en este programa que organizaremos un\u00a0<strong>webinario de ayuda para constituir el dossier de postulaci\u00f3n (04\/03)<\/strong>. Todas las indicaciones y referencias para la inscripci\u00f3n se encuentran en\u00a0<a href=\"https:\/\/ifargentine.com.ar\/fr\/programmes\/master-fle\" data-saferedirecturl=\"https:\/\/www.google.com\/url?q=https:\/\/ifargentine.com.ar\/fr\/programmes\/master-fle&amp;source=gmail&amp;ust=1676839002301000&amp;usg=AOvVaw0JeZYXeoLR1xB7QI6fFhfM\">nuestro sitio web<\/a>.<\/p>\n<p>Les agradecemos de antemano la difusi\u00f3n de la iniciativa entre los docentes de franc\u00e9s de su jurisdicci\u00f3n y de sus entornos profesionales.<\/p>\n<p>Con un cordial saludo,<\/p>\n<table width=\"0\">\n<tbody>\n<tr>\n<td width=\"100%\">\n<table width=\"0\">\n<tbody>\n<tr>\n<td colspan=\"6\" width=\"99%\"><\/td>\n<\/tr>\n<tr>\n<td style=\"font-weight: 400;\" width=\"1%\"><\/td>\n<td style=\"font-weight: 400;\" rowspan=\"2\" width=\"4%\"><\/td>\n<td style=\"font-weight: 400;\" rowspan=\"2\" width=\"48%\"><strong>Luis Blanco Cook<br \/>\n<\/strong>Adjoint<strong><br \/>\n<\/strong>Coop\u00e9ration \u00e9ducative et linguistique<\/td>\n<td style=\"font-weight: 400;\" width=\"1%\"><\/td>\n<\/tr>\n<\/tbody>\n<\/table>\n<\/td>\n<\/tr>\n<\/tbody>\n<\/table>\n","protected":false},"excerpt":{"rendered":"<p>Estimados Colegas Formadores de Profesores de Franc\u00e9s Comunicamos que se encuentra abierta la inscripci\u00f3n para la postulaci\u00f3n a Becas de M\u00e1sters y Doctorados. Presentamos a continuaci\u00f3n las propuestas enviadas desde Embajada de Francia y el Institut Fran\u00e7ais en Argentina. Saludos cordiales Dra. Prof. Sandra Faedda Rectora IES Lola Mora Buenos d\u00edas: Tenemos el agrado de &#8230; <a title=\"Comunicado sobre Becas de M\u00e1sters y Doctorados en Francia\" class=\"read-more\" href=\"https:\/\/ieslolamora-tuc.infd.edu.ar\/sitio\/comunicado-sobre-becas-de-masters-y-doctorados-en-francia\/\" aria-label=\"More on Comunicado sobre Becas de M\u00e1sters y Doctorados en Francia\">[+]<\/a><\/p>\n","protected":false},"author":2983,"featured_media":0,"parent":0,"menu_order":0,"comment_status":"closed","ping_status":"closed","template":"","meta":[],"acf":[],"_links":{"self":[{"href":"https:\/\/ieslolamora-tuc.infd.edu.ar\/sitio\/wp-json\/wp\/v2\/pages\/1452"}],"collection":[{"href":"https:\/\/ieslolamora-tuc.infd.edu.ar\/sitio\/wp-json\/wp\/v2\/pages"}],"about":[{"href":"https:\/\/ieslolamora-tuc.infd.edu.ar\/sitio\/wp-json\/wp\/v2\/types\/page"}],"author":[{"embeddable":true,"href":"https:\/\/ieslolamora-tuc.infd.edu.ar\/sitio\/wp-json\/wp\/v2\/users\/2983"}],"replies":[{"embeddable":true,"href":"https:\/\/ieslolamora-tuc.infd.edu.ar\/sitio\/wp-json\/wp\/v2\/comments?post=1452"}],"version-history":[{"count":5,"href":"https:\/\/ieslolamora-tuc.infd.edu.ar\/sitio\/wp-json\/wp\/v2\/pages\/1452\/revisions"}],"predecessor-version":[{"id":1737,"href":"https:\/\/ieslolamora-tuc.infd.edu.ar\/sitio\/wp-json\/wp\/v2\/pages\/1452\/revisions\/1737"}],"wp:attachment":[{"href":"https:\/\/ieslolamora-tuc.infd.edu.ar\/sitio\/wp-json\/wp\/v2\/media?parent=1452"}],"curies":[{"name":"wp","href":"https:\/\/api.w.org\/{rel}","templated":true}]}}

Comunicado sobre Becas de Másters y Doctorados en Francia

<p>Estimados Colegas Formadores de Profesores de Francés</p>
<p>Comunicamos que se encuentra abierta la inscripción para la postulación a Becas de Másters y Doctorados.</p>
<p>Presentamos a continuación las propuestas enviadas desde Embajada de Francia y el Institut Français en Argentina.</p>
<p>Saludos cordiales</p>
<p style="text-align: right;">Dra. Prof. Sandra Faedda</p>
<p style="text-align: right;">Rectora IES Lola Mora</p>
<p>Buenos días:</p>
<p style="font-weight: 400;">Tenemos el agrado de comunicarles que está abierta la convocatoria 2024-2025 del programa de <strong>BECAS DE MASTER A DISTANCIA EN UNIVERSIDADES FRANCESAS (Didáctica del Francés Lengua extranjera y Ciencias del lenguaje)</strong>, destinado a docentes de francés de Argentina. Las condiciones generales se encuentran descritas en nuestro sitio web (<a href="https://ifargentine.com.ar/programas/master-fle" data-saferedirecturl="https://www.google.com/url?q=https://ifargentine.com.ar/programas/master-fle&amp;source=gmail&amp;ust=1710343097410000&amp;usg=AOvVaw2WVeCRWZoDirLQeiceNYRH">versión en castellano</a>; los interesados encontrarán todos los detalles e instrucciones para postular en la <a href="https://ifargentine.com.ar/fr/programmes/master-fle" data-saferedirecturl="https://www.google.com/url?q=https://ifargentine.com.ar/fr/programmes/master-fle&amp;source=gmail&amp;ust=1710343097410000&amp;usg=AOvVaw2BmbBo41PZLNFXdfW7KUj2">versión en francés</a>).</p>
<p>Para el próximo año académico francés, la convocatoria se extiende a todos los docentes de Argentina poseedores de un título que habilite al ejercicio docente en el país.  Se ofrecerán plazas en los programas de Master en Francés como Lengua Extranjera propuestos por las universidades de las Antillas, La Réunion y Rouen-Normandie así como el programa de Master en Ciencias del Lenguaje de la universidad de Rouen-Normandie.</p>
<p style="font-weight: 400;"><em><u>Atención</u></em>: la fecha límite de postulación ha sido fijada el <strong>domingo 10 de marzo de 2024 a las 23,59 horas</strong>.</p>
<p style="font-weight: 400;">Aprovechamos para llamar la atención de los eventuales interesados en este programa que organizaremos un <strong>webinario de ayuda para constituir el dossier de postulación  el sábado 2/03</strong>. Todas las indicaciones y referencias para la <a href="https://forms.gle/fFCU4CsWpgtwnvi79" data-saferedirecturl="https://www.google.com/url?q=https://forms.gle/fFCU4CsWpgtwnvi79&amp;source=gmail&amp;ust=1710343097410000&amp;usg=AOvVaw2-A8D3PirYHkozX8J5_aDi">inscripción</a> se encuentran en <a href="https://ifargentine.com.ar/fr/programmes/master-fle" data-saferedirecturl="https://www.google.com/url?q=https://ifargentine.com.ar/fr/programmes/master-fle&amp;source=gmail&amp;ust=1710343097410000&amp;usg=AOvVaw2BmbBo41PZLNFXdfW7KUj2">nuestro sitio web</a>.</p>
<p>Les agradecemos de antemano la difusión de la iniciativa entre los docentes de francés de su jurisdicción y de sus entornos profesionales.</p>
<p>Con un cordial saludo,</p>
<p><strong>Luis Blanco Cook<br />
</strong>Adjoint<strong><br />
</strong>Coopération éducative et linguistique</p>
<p>2023-2024</p>
<p>Buenos días:</p>
<p>Tenemos el agrado de comunicarles la apertura de la convocatoria 2023-2024 del programa de <strong>BECAS DE MASTER A DISTANCIA EN UNIVERSIDADES FRANCESAS (Didáctica del Francés Lengua extranjera y Ciencias del lenguaje)</strong>, destinado a docentes de francés de Argentina. Las condiciones generales se encuentran descritas en nuestro sitio web (<a href="https://ifargentine.com.ar/programas/master-fle" data-saferedirecturl="https://www.google.com/url?q=https://ifargentine.com.ar/programas/master-fle&amp;source=gmail&amp;ust=1676839002301000&amp;usg=AOvVaw1hb9pogwgs06CJICoOh7Be">versión en castellano</a>; los interesados encontrarán todos los detalles e instrucciones para postular en la <a href="https://ifargentine.com.ar/fr/programmes/master-fle" data-saferedirecturl="https://www.google.com/url?q=https://ifargentine.com.ar/fr/programmes/master-fle&amp;source=gmail&amp;ust=1676839002301000&amp;usg=AOvVaw0JeZYXeoLR1xB7QI6fFhfM">versión en francés</a>).</p>
<p>Para el próximo año académico francés, la convocatoria se extiende a todos los docentes de Argentina poseedores de un título que habilite al ejercicio docente en el país.  Se ofrecerán plazas en los programas de Master en Francés como Lengua Extranjera propuestos por las universidades de las Antillas, La Réunion y Rouen-Normandie así como el programa de Master en Ciencias del Lenguaje de la universidad de Rouen-Normandie.</p>
<p><em><u>Atención</u></em>: debido a un cambio en el calendario universitario francés, este año el cierre de la convocatoria se adelanta y la fecha límite de postulación ha sido fijada el <strong>domingo 12 de marzo de 2023 a las 23:59 horas</strong>.</p>
<p>Aprovechamos para llamar la atención de los eventuales interesados en este programa que organizaremos un <strong>webinario de ayuda para constituir el dossier de postulación (04/03)</strong>. Todas las indicaciones y referencias para la inscripción se encuentran en <a href="https://ifargentine.com.ar/fr/programmes/master-fle" data-saferedirecturl="https://www.google.com/url?q=https://ifargentine.com.ar/fr/programmes/master-fle&amp;source=gmail&amp;ust=1676839002301000&amp;usg=AOvVaw0JeZYXeoLR1xB7QI6fFhfM">nuestro sitio web</a>.</p>
<p>Les agradecemos de antemano la difusión de la iniciativa entre los docentes de francés de su jurisdicción y de sus entornos profesionales.</p>
<p>Con un cordial saludo,</p>
<table width="0">
<tbody>
<tr>
<td width="100%">
<table width="0">
<tbody>
<tr>
<td colspan="6" width="99%"></td>
</tr>
<tr>
<td style="font-weight: 400;" width="1%"></td>
<td style="font-weight: 400;" rowspan="2" width="4%"></td>
<td style="font-weight: 400;" rowspan="2" width="48%"><strong>Luis Blanco Cook<br />
</strong>Adjoint<strong><br />
</strong>Coopération éducative et linguistique</td>
<td style="font-weight: 400;" width="1%"></td>
</tr>
</tbody>
</table>
</td>
</tr>
</tbody>
</table>

<p>Estimados Colegas Formadores de Profesores de Francés Comunicamos que se encuentra abierta la inscripción para la postulación a Becas de Másters y Doctorados. Presentamos a continuación las propuestas enviadas desde Embajada de Francia y el Institut Français en Argentina. Saludos cordiales Dra. Prof. Sandra Faedda Rectora IES Lola Mora Buenos días: Tenemos el agrado de &#8230; <a title="Comunicado sobre Becas de Másters y Doctorados en Francia" class="read-more" href="https://ieslolamora-tuc.infd.edu.ar/sitio/comunicado-sobre-becas-de-masters-y-doctorados-en-francia/" aria-label="More on Comunicado sobre Becas de Másters y Doctorados en Francia">[+]</a></p>
