{"id":1782,"date":"2025-03-24T00:40:17","date_gmt":"2025-03-24T03:40:17","guid":{"rendered":"https:\/\/ieslolamora-tuc.infd.edu.ar\/sitio\/?page_id=1782"},"modified":"2025-03-24T00:40:18","modified_gmt":"2025-03-24T03:40:18","slug":"fete-de-la-francophonie","status":"publish","type":"page","link":"https:\/\/ieslolamora-tuc.infd.edu.ar\/sitio\/fete-de-la-francophonie\/","title":{"rendered":"F\u00eate de la Francophonie"},"content":{"rendered":"\n<p><\/p>\n\n\n\n<p>Nous avons le plaisir de vous inviter \u00e0 notre <strong><em>Rencontre Francophone<\/em><\/strong>, mardi 25 mars \u00e0 20:30 heures.<\/p>\n\n\n\n<p>Nous attendons la participation distingu\u00e9e de toute la Communaut\u00e9 \u00c9ducative  et du public invit\u00e9.<\/p>\n\n\n\n<p>Les meilleures salutations&nbsp;!<\/p>\n\n\n\n<p>Prof. Mariana Castillo\u00a0\u00a0\u00a0\u00a0\u00a0 \u00a0\u00a0\u00a0\u00a0\u00a0\u00a0\u00a0\u00a0\u00a0\u00a0\u00a0\u00a0\u00a0\u00a0\u00a0\u00a0\u00a0\u00a0\u00a0\u00a0\u00a0\u00a0\u00a0\u00a0\u00a0\u00a0\u00a0\u00a0\u00a0\u00a0\u00a0\u00a0\u00a0\u00a0\u00a0\u00a0\u00a0\u00a0\u00a0\u00a0\u00a0\u00a0\u00a0\u00a0\u00a0\u00a0\u00a0\u00a0\u00a0\u00a0\u00a0\u00a0\u00a0\u00a0\u00a0\u00a0\u00a0\u00a0\u00a0\u00a0\u00a0\u00a0\u00a0\u00a0\u00a0\u00a0Dra. Prof. Sandra Faedda<\/p>\n\n\n\n<p>Coordinadora del Profesorado de Franc\u00e9s&nbsp;&nbsp;&nbsp;&nbsp;&nbsp;&nbsp;&nbsp;&nbsp;&nbsp;&nbsp;&nbsp;&nbsp;&nbsp;&nbsp;&nbsp;&nbsp;&nbsp;&nbsp;&nbsp;&nbsp;&nbsp;&nbsp;&nbsp;&nbsp;&nbsp;&nbsp;&nbsp;&nbsp;&nbsp;&nbsp;&nbsp;&nbsp;&nbsp;&nbsp;&nbsp;&nbsp;&nbsp;&nbsp;&nbsp;&nbsp;&nbsp;&nbsp;&nbsp;&nbsp;&nbsp;&nbsp;&nbsp; Rectora<\/p>\n\n\n\n<p>\u00a0\u00a0\u00a0\u00a0\u00a0\u00a0\u00a0\u00a0\u00a0\u00a0\u00a0\u00a0\u00a0\u00a0\u00a0\u00a0\u00a0\u00a0\u00a0\u00a0\u00a0\u00a0\u00a0\u00a0\u00a0\u00a0\u00a0\u00a0\u00a0                            Equipo Docente del Profesorado de Franc\u00e9s<\/p>\n\n\n\n<p>                                                             Estudiantes del Profesorado de Franc\u00e9s <\/p>\n\n\n\n<p>                                            Equipo de Conducci\u00f3n y Comunidad Educativa IES Lola Mora<\/p>\n\n\n\n<figure class=\"wp-block-image size-full\"><img decoding=\"async\" loading=\"lazy\" width=\"664\" height=\"368\" src=\"https:\/\/ieslolamora-tuc.infd.edu.ar\/sitio\/wp-content\/uploads\/2025\/03\/Invitation.png\" alt=\"\" class=\"wp-image-1783\"\/><\/figure>\n","protected":false},"excerpt":{"rendered":"<p>Nous avons le plaisir de vous inviter \u00e0 notre Rencontre Francophone, mardi 25 mars \u00e0 20:30 heures. Nous attendons la participation distingu\u00e9e de toute la Communaut\u00e9 \u00c9ducative et du public invit\u00e9. Les meilleures salutations&nbsp;! Prof. Mariana Castillo\u00a0\u00a0\u00a0\u00a0\u00a0 \u00a0\u00a0\u00a0\u00a0\u00a0\u00a0\u00a0\u00a0\u00a0\u00a0\u00a0\u00a0\u00a0\u00a0\u00a0\u00a0\u00a0\u00a0\u00a0\u00a0\u00a0\u00a0\u00a0\u00a0\u00a0\u00a0\u00a0\u00a0\u00a0\u00a0\u00a0\u00a0\u00a0\u00a0\u00a0\u00a0\u00a0\u00a0\u00a0\u00a0\u00a0\u00a0\u00a0\u00a0\u00a0\u00a0\u00a0\u00a0\u00a0\u00a0\u00a0\u00a0\u00a0\u00a0\u00a0\u00a0\u00a0\u00a0\u00a0\u00a0\u00a0\u00a0\u00a0\u00a0\u00a0\u00a0Dra. Prof. Sandra Faedda Coordinadora del Profesorado de Franc\u00e9s&nbsp;&nbsp;&nbsp;&nbsp;&nbsp;&nbsp;&nbsp;&nbsp;&nbsp;&nbsp;&nbsp;&nbsp;&nbsp;&nbsp;&nbsp;&nbsp;&nbsp;&nbsp;&nbsp;&nbsp;&nbsp;&nbsp;&nbsp;&nbsp;&nbsp;&nbsp;&nbsp;&nbsp;&nbsp;&nbsp;&nbsp;&nbsp;&nbsp;&nbsp;&nbsp;&nbsp;&nbsp;&nbsp;&nbsp;&nbsp;&nbsp;&nbsp;&nbsp;&nbsp;&nbsp;&nbsp;&nbsp; Rectora \u00a0\u00a0\u00a0\u00a0\u00a0\u00a0\u00a0\u00a0\u00a0\u00a0\u00a0\u00a0\u00a0\u00a0\u00a0\u00a0\u00a0\u00a0\u00a0\u00a0\u00a0\u00a0\u00a0\u00a0\u00a0\u00a0\u00a0\u00a0\u00a0 Equipo Docente del Profesorado de Franc\u00e9s Estudiantes &#8230; <a title=\"F\u00eate de la Francophonie\" class=\"read-more\" href=\"https:\/\/ieslolamora-tuc.infd.edu.ar\/sitio\/fete-de-la-francophonie\/\" aria-label=\"More on F\u00eate de la Francophonie\">[+]<\/a><\/p>\n","protected":false},"author":2983,"featured_media":0,"parent":0,"menu_order":0,"comment_status":"closed","ping_status":"closed","template":"","meta":[],"acf":[],"_links":{"self":[{"href":"https:\/\/ieslolamora-tuc.infd.edu.ar\/sitio\/wp-json\/wp\/v2\/pages\/1782"}],"collection":[{"href":"https:\/\/ieslolamora-tuc.infd.edu.ar\/sitio\/wp-json\/wp\/v2\/pages"}],"about":[{"href":"https:\/\/ieslolamora-tuc.infd.edu.ar\/sitio\/wp-json\/wp\/v2\/types\/page"}],"author":[{"embeddable":true,"href":"https:\/\/ieslolamora-tuc.infd.edu.ar\/sitio\/wp-json\/wp\/v2\/users\/2983"}],"replies":[{"embeddable":true,"href":"https:\/\/ieslolamora-tuc.infd.edu.ar\/sitio\/wp-json\/wp\/v2\/comments?post=1782"}],"version-history":[{"count":1,"href":"https:\/\/ieslolamora-tuc.infd.edu.ar\/sitio\/wp-json\/wp\/v2\/pages\/1782\/revisions"}],"predecessor-version":[{"id":1786,"href":"https:\/\/ieslolamora-tuc.infd.edu.ar\/sitio\/wp-json\/wp\/v2\/pages\/1782\/revisions\/1786"}],"wp:attachment":[{"href":"https:\/\/ieslolamora-tuc.infd.edu.ar\/sitio\/wp-json\/wp\/v2\/media?parent=1782"}],"curies":[{"name":"wp","href":"https:\/\/api.w.org\/{rel}","templated":true}]}}

Fête de la Francophonie

<p></p>



<p>Nous avons le plaisir de vous inviter à notre <strong><em>Rencontre Francophone</em></strong>, mardi 25 mars à 20:30 heures.</p>



<p>Nous attendons la participation distinguée de toute la Communauté Éducative  et du public invité.</p>



<p>Les meilleures salutations&nbsp;!</p>



<p>Prof. Mariana Castillo                                                                        Dra. Prof. Sandra Faedda</p>



<p>Coordinadora del Profesorado de Francés&nbsp;&nbsp;&nbsp;&nbsp;&nbsp;&nbsp;&nbsp;&nbsp;&nbsp;&nbsp;&nbsp;&nbsp;&nbsp;&nbsp;&nbsp;&nbsp;&nbsp;&nbsp;&nbsp;&nbsp;&nbsp;&nbsp;&nbsp;&nbsp;&nbsp;&nbsp;&nbsp;&nbsp;&nbsp;&nbsp;&nbsp;&nbsp;&nbsp;&nbsp;&nbsp;&nbsp;&nbsp;&nbsp;&nbsp;&nbsp;&nbsp;&nbsp;&nbsp;&nbsp;&nbsp;&nbsp;&nbsp; Rectora</p>



<p>                                                         Equipo Docente del Profesorado de Francés</p>



<p>                                                             Estudiantes del Profesorado de Francés </p>



<p>                                            Equipo de Conducción y Comunidad Educativa IES Lola Mora</p>



<figure class="wp-block-image size-full"><img decoding="async" loading="lazy" width="664" height="368" src="https://ieslolamora-tuc.infd.edu.ar/sitio/wp-content/uploads/2025/03/Invitation.png" alt="" class="wp-image-1783"/></figure>

<p>Nous avons le plaisir de vous inviter à notre Rencontre Francophone, mardi 25 mars à 20:30 heures. Nous attendons la participation distinguée de toute la Communauté Éducative et du public invité. Les meilleures salutations&nbsp;! Prof. Mariana Castillo                                                                        Dra. Prof. Sandra Faedda Coordinadora del Profesorado de Francés&nbsp;&nbsp;&nbsp;&nbsp;&nbsp;&nbsp;&nbsp;&nbsp;&nbsp;&nbsp;&nbsp;&nbsp;&nbsp;&nbsp;&nbsp;&nbsp;&nbsp;&nbsp;&nbsp;&nbsp;&nbsp;&nbsp;&nbsp;&nbsp;&nbsp;&nbsp;&nbsp;&nbsp;&nbsp;&nbsp;&nbsp;&nbsp;&nbsp;&nbsp;&nbsp;&nbsp;&nbsp;&nbsp;&nbsp;&nbsp;&nbsp;&nbsp;&nbsp;&nbsp;&nbsp;&nbsp;&nbsp; Rectora                               Equipo Docente del Profesorado de Francés Estudiantes &#8230; <a title="Fête de la Francophonie" class="read-more" href="https://ieslolamora-tuc.infd.edu.ar/sitio/fete-de-la-francophonie/" aria-label="More on Fête de la Francophonie">[+]</a></p>
