{"id":1852,"date":"2026-02-26T19:58:59","date_gmt":"2026-02-26T22:58:59","guid":{"rendered":"https:\/\/ieslolamora-tuc.infd.edu.ar\/sitio\/?page_id=1852"},"modified":"2026-04-17T08:43:01","modified_gmt":"2026-04-17T11:43:01","slug":"info-alumnos","status":"publish","type":"page","link":"https:\/\/ieslolamora-tuc.infd.edu.ar\/sitio\/info-alumnos\/","title":{"rendered":"INFO ALUMNOS"},"content":{"rendered":"\n<h2 class=\"wp-block-heading has-text-align-center\">NOVEDADES PARA EL ALUMNO INGRESANTE 2026<\/h2>\n\n\n<p>Publicaci\u00f3n del 16 de Abril del 2026<\/p>\n\n<div class=\"wp-block-image\">\n<figure class=\"aligncenter size-full\"><img decoding=\"async\" loading=\"lazy\" width=\"400\" height=\"500\" src=\"https:\/\/ieslolamora-tuc.infd.edu.ar\/sitio\/wp-content\/uploads\/2026\/04\/Ultimo-Plazo-2-e1776386959663.png\" alt=\"\" class=\"wp-image-1944\"\/><\/figure><\/div>\n\n\n<hr class=\"wp-block-separator has-alpha-channel-opacity\"\/>\n\n\n\n<h2 class=\"wp-block-heading\">PR\u00c1CTICAS PROFESIONALES<\/h2>\n\n\n<p>Publicaci\u00f3n del 16 de abril del 2026<\/p>\n\n\n<p>El Equipo Directivo del IES Lola Mora, comparte los Espacios Curriculares que son <strong>Necesarios tener Aprobados<\/strong> para cursar las \u00abPr\u00e1cticas Profesionales\u00bb en sus diferentes Ofertas Acad\u00e9micas:<\/p>\n\n\n\n<div class=\"wp-block-file\"><object class=\"wp-block-file__embed\" data=\"https:\/\/ieslolamora-tuc.infd.edu.ar\/sitio\/wp-content\/uploads\/2026\/04\/TABLA-DE-CORRELATIVAS-PARA-PRACTICAS-PROFESIONALES.pdf\" type=\"application\/pdf\" style=\"width:100%;height:600px\" aria-label=\"Incrustado de TABLA-DE-CORRELATIVAS-PARA-PRACTICAS-PROFESIONALES.\"><\/object><a id=\"wp-block-file--media-73801da5-2ec3-4f3a-ba98-72aae92ee717\" href=\"https:\/\/ieslolamora-tuc.infd.edu.ar\/sitio\/wp-content\/uploads\/2026\/04\/TABLA-DE-CORRELATIVAS-PARA-PRACTICAS-PROFESIONALES.pdf\">TABLA-DE-CORRELATIVAS-PARA-PRACTICAS-PROFESIONALES<\/a><a href=\"https:\/\/ieslolamora-tuc.infd.edu.ar\/sitio\/wp-content\/uploads\/2026\/04\/TABLA-DE-CORRELATIVAS-PARA-PRACTICAS-PROFESIONALES.pdf\" class=\"wp-block-file__button wp-element-button\" download aria-describedby=\"wp-block-file--media-73801da5-2ec3-4f3a-ba98-72aae92ee717\">Descarga<\/a><\/div>\n\n\n\n<hr class=\"wp-block-separator has-alpha-channel-opacity\"\/>\n\n\n\n<h2 class=\"wp-block-heading\">BECAS PROGRESAR &#8211; CONVOCATORIA 2026<\/h2>\n\n\n<p><strong>El I.E.S. Lola Mora, comparte informaci\u00f3n sobre los requisitos y lineamientos de las Becas Progresar para Nivel Superior. <\/strong><\/p>\n<p>Publicaci\u00f3n del 09 de abril del 2026.<\/p>\n\n\n<figure class=\"wp-block-image size-full\"><img decoding=\"async\" loading=\"lazy\" width=\"1280\" height=\"905\" src=\"https:\/\/ieslolamora-tuc.infd.edu.ar\/sitio\/wp-content\/uploads\/2026\/04\/PROGRESAR-COMUNICADO.jpeg\" alt=\"\" class=\"wp-image-1931\" srcset=\"https:\/\/ieslolamora-tuc.infd.edu.ar\/sitio\/wp-content\/uploads\/2026\/04\/PROGRESAR-COMUNICADO.jpeg 1280w, https:\/\/ieslolamora-tuc.infd.edu.ar\/sitio\/wp-content\/uploads\/2026\/04\/PROGRESAR-COMUNICADO-1000x707.jpeg 1000w, https:\/\/ieslolamora-tuc.infd.edu.ar\/sitio\/wp-content\/uploads\/2026\/04\/PROGRESAR-COMUNICADO-768x543.jpeg 768w\" sizes=\"(max-width: 1280px) 100vw, 1280px\" \/><figcaption class=\"wp-element-caption\">Escanea el C\u00f3digo QR y accede a la informaci\u00f3n de los requisitos de la nueva convocatoria.<\/figcaption><\/figure>\n\n\n\n<p class=\"has-text-align-left\">Se comparte el enlace de la p\u00e1gina para inscripci\u00f3n: <\/p>\n\n\n\n<p class=\"has-text-align-center\"><a href=\"https:\/\/www.argentina.gob.ar\/servicio\/inscribirme-en-progresar-superior\" target=\"_blank\" rel=\"noreferrer noopener\">argentina.gob.ar\/\u2026\/inscribirme-en-progresar-superior<\/a><\/p>\n\n\n\n<hr class=\"wp-block-separator has-alpha-channel-opacity\"\/>\n\n\n\n<h2 class=\"wp-block-heading\">COMUNICADO PARA MESAS DE EX\u00c1MENES FINALES DE ABRIL<\/h2>\n\n\n<p>Secci\u00f3n Alumnos &#8211; Publicaci\u00f3n del 30 de Marzo de 2026<\/p>\n<h4>Los Alumnos que deben completar los espacios curriculares para las \u00abPr\u00e1cticas Profesionales deber\u00e1n inscribirse desde el 13 al 24 de Abril. El resto seg\u00fan cronograma compartido.<\/h4>\n<p><a href=\"https:\/\/ieslm.distuc.com\/mesaespecialabril2026\">https:\/\/ieslm.distuc.com\/mesaespecialabril2026<\/a><\/p>\n\n\n<figure class=\"wp-block-image size-full\"><img decoding=\"async\" loading=\"lazy\" width=\"1337\" height=\"619\" src=\"https:\/\/ieslolamora-tuc.infd.edu.ar\/sitio\/wp-content\/uploads\/2026\/03\/COMUNICADO-DE-MESAS-DE-EXAMEN-ABRIL-2026-1.jpg\" alt=\"\" class=\"wp-image-1890\" srcset=\"https:\/\/ieslolamora-tuc.infd.edu.ar\/sitio\/wp-content\/uploads\/2026\/03\/COMUNICADO-DE-MESAS-DE-EXAMEN-ABRIL-2026-1.jpg 1337w, https:\/\/ieslolamora-tuc.infd.edu.ar\/sitio\/wp-content\/uploads\/2026\/03\/COMUNICADO-DE-MESAS-DE-EXAMEN-ABRIL-2026-1-1000x463.jpg 1000w, https:\/\/ieslolamora-tuc.infd.edu.ar\/sitio\/wp-content\/uploads\/2026\/03\/COMUNICADO-DE-MESAS-DE-EXAMEN-ABRIL-2026-1-768x356.jpg 768w\" sizes=\"(max-width: 1337px) 100vw, 1337px\" \/><\/figure>\n\n\n\n<hr class=\"wp-block-separator has-alpha-channel-opacity\"\/>\n\n\n\n<h2 class=\"wp-block-heading\">FICHA DE INSCRIPCI\u00d3N PARA EL ALUMNO<\/h2>\n\n\n\n<p>El Equipo de Secci\u00f3n Alumnos, facilita la <strong>Ficha de Inscripci\u00f3n<\/strong> para los alumnos ingresantes a 1\u00b0 A\u00f1o de Todas las Carreras del IES Lola Mora para descargar, completar y presentar con toda la documentaci\u00f3n adjunta en Secci\u00f3n Alumnos.  <\/p>\n\n\n\n<div class=\"wp-block-file\"><object class=\"wp-block-file__embed\" data=\"https:\/\/ieslolamora-tuc.infd.edu.ar\/sitio\/wp-content\/uploads\/2026\/03\/FICHA-DE-INSCRIPCION-INGRESO-A-1ER-ANO.pdf\" type=\"application\/pdf\" style=\"width:100%;height:600px\" aria-label=\"Incrustado de FICHA DE INSCRIPCI\u00d3N -INGRESO A 1ER A\u00d1O.\"><\/object><a id=\"wp-block-file--media-0f8145a3-ffc6-433f-9f92-ddfc422e83ac\" href=\"https:\/\/ieslolamora-tuc.infd.edu.ar\/sitio\/wp-content\/uploads\/2026\/03\/FICHA-DE-INSCRIPCION-INGRESO-A-1ER-ANO.pdf\">FICHA DE INSCRIPCI\u00d3N -INGRESO A 1ER A\u00d1O<\/a><a href=\"https:\/\/ieslolamora-tuc.infd.edu.ar\/sitio\/wp-content\/uploads\/2026\/03\/FICHA-DE-INSCRIPCION-INGRESO-A-1ER-ANO.pdf\" class=\"wp-block-file__button wp-element-button\" download aria-describedby=\"wp-block-file--media-0f8145a3-ffc6-433f-9f92-ddfc422e83ac\">Descarga<\/a><\/div>\n\n\n\n<p><\/p>\n\n\n\n<hr class=\"wp-block-separator has-alpha-channel-opacity\"\/>\n\n\n\n<h2 class=\"wp-block-heading\">INGRESANTES 2026 IES LOLA MORA &#8211; REPROGRAMACI\u00d3N DE FECHAS <\/h2>\n\n\n<h3 style=\"text-align: center;\"><span style=\"color: #ff0000;\"><strong>RECTIFICACION DE FECHA DEL EXAMEN DE INGRESO PARA LOS PROFESORADOS DE INGLES y FRANC\u00c9S<\/strong><\/span><\/h3>\n<h4><span style=\"color: #ff0000;\"><strong>En virtud de la suspensi\u00f3n de actividades por desinfecci\u00f3n en esta Instituci\u00f3n, programada por el Ministerio de Educaci\u00f3n para el d\u00eda 25\/03\/2026. Se reprograma el examen de ingreso para el d\u00eda 26\/03\/2026&nbsp;<\/strong><\/span><\/h4>\n<p><strong>INSCRIPCIONES PARA EXAMEN DE INGRESO<\/strong><\/p>\n<ul>\n<li>16 y 17 de Marzo de 19:30 a 21.30 Hs. para todas las Carreras.<\/li>\n<\/ul>\n<p><strong>FECHAS PARA EL EXAMEN DE INGRESO<\/strong><\/p>\n<ul>\n<li><strong>PROFESORADO DE INGL\u00c9S:&nbsp; <\/strong>&nbsp;<span style=\"color: #ff0000;\"><strong>Jueves 26<\/strong><\/span>&nbsp;de Marzo del 2026 a 19:00 Hs.<\/li>\n<li><strong>PROFESORADO DE MATEM\u00c1TICAS: <\/strong>&nbsp;Jueves 26 de Marzo del 2026 a 19:00 Hs.<\/li>\n<li><strong>PROFESORADO DE ECONOM\u00cdA:&nbsp;<\/strong>Jueves 26 de Marzo del 2026 a 19:00 Hs.<\/li>\n<li><strong>PROFESORADO DE FRANC\u00c9S: <span style=\"color: #ff0000;\">Jueves 26<\/span><\/strong>&nbsp;de Marzo del 2026 a 19:00 Hs.<\/li>\n<\/ul>\n<p style=\"text-align: left;\"><strong>Requisito:<\/strong> Estar Inscripto para el Examen &#8211; Presentar DNI o PASAPORTE<\/p>\n\n\n<h2 class=\"wp-block-heading\">REPROGRAMACI\u00d3N DE MESAS DE EXAMEN &#8211; MARZO 2026<\/h2>\n\n\n\n<div class=\"wp-block-file\"><object class=\"wp-block-file__embed\" data=\"https:\/\/ieslolamora-tuc.infd.edu.ar\/sitio\/wp-content\/uploads\/2026\/03\/Reprogramacion-de-Mesas-de-Examen-Marzo-2026.pdf\" type=\"application\/pdf\" style=\"width:100%;height:600px\" aria-label=\"Incrustado de Reprogramacion-de-Mesas-de-Examen-Marzo-2026.\"><\/object><a id=\"wp-block-file--media-598384f1-81de-4b8a-9069-bc2c5f194b57\" href=\"https:\/\/ieslolamora-tuc.infd.edu.ar\/sitio\/wp-content\/uploads\/2026\/03\/Reprogramacion-de-Mesas-de-Examen-Marzo-2026.pdf\">Reprogramacion-de-Mesas-de-Examen-Marzo-2026<\/a><a href=\"https:\/\/ieslolamora-tuc.infd.edu.ar\/sitio\/wp-content\/uploads\/2026\/03\/Reprogramacion-de-Mesas-de-Examen-Marzo-2026.pdf\" class=\"wp-block-file__button wp-element-button\" download aria-describedby=\"wp-block-file--media-598384f1-81de-4b8a-9069-bc2c5f194b57\">Descarga<\/a><\/div>\n","protected":false},"excerpt":{"rendered":"<p>NOVEDADES PARA EL ALUMNO INGRESANTE 2026 Publicaci\u00f3n del 16 de Abril del 2026 PR\u00c1CTICAS PROFESIONALES Publicaci\u00f3n del 16 de abril del 2026 El Equipo Directivo del IES Lola Mora, comparte los Espacios Curriculares que son Necesarios tener Aprobados para cursar las \u00abPr\u00e1cticas Profesionales\u00bb en sus diferentes Ofertas Acad\u00e9micas: BECAS PROGRESAR &#8211; CONVOCATORIA 2026 El I.E.S. &#8230; <a title=\"INFO ALUMNOS\" class=\"read-more\" href=\"https:\/\/ieslolamora-tuc.infd.edu.ar\/sitio\/info-alumnos\/\" aria-label=\"More on INFO ALUMNOS\">[+]<\/a><\/p>\n","protected":false},"author":6335,"featured_media":0,"parent":0,"menu_order":0,"comment_status":"closed","ping_status":"closed","template":"","meta":[],"acf":[],"_links":{"self":[{"href":"https:\/\/ieslolamora-tuc.infd.edu.ar\/sitio\/wp-json\/wp\/v2\/pages\/1852"}],"collection":[{"href":"https:\/\/ieslolamora-tuc.infd.edu.ar\/sitio\/wp-json\/wp\/v2\/pages"}],"about":[{"href":"https:\/\/ieslolamora-tuc.infd.edu.ar\/sitio\/wp-json\/wp\/v2\/types\/page"}],"author":[{"embeddable":true,"href":"https:\/\/ieslolamora-tuc.infd.edu.ar\/sitio\/wp-json\/wp\/v2\/users\/6335"}],"replies":[{"embeddable":true,"href":"https:\/\/ieslolamora-tuc.infd.edu.ar\/sitio\/wp-json\/wp\/v2\/comments?post=1852"}],"version-history":[{"count":19,"href":"https:\/\/ieslolamora-tuc.infd.edu.ar\/sitio\/wp-json\/wp\/v2\/pages\/1852\/revisions"}],"predecessor-version":[{"id":1953,"href":"https:\/\/ieslolamora-tuc.infd.edu.ar\/sitio\/wp-json\/wp\/v2\/pages\/1852\/revisions\/1953"}],"wp:attachment":[{"href":"https:\/\/ieslolamora-tuc.infd.edu.ar\/sitio\/wp-json\/wp\/v2\/media?parent=1852"}],"curies":[{"name":"wp","href":"https:\/\/api.w.org\/{rel}","templated":true}]}}

<h2 class="wp-block-heading has-text-align-center">NOVEDADES PARA EL ALUMNO INGRESANTE 2026</h2>


<p>Publicación del 16 de Abril del 2026</p>

<div class="wp-block-image">
<figure class="aligncenter size-full"><img decoding="async" loading="lazy" width="400" height="500" src="https://ieslolamora-tuc.infd.edu.ar/sitio/wp-content/uploads/2026/04/Ultimo-Plazo-2-e1776386959663.png" alt="" class="wp-image-1944"/></figure></div>


<hr class="wp-block-separator has-alpha-channel-opacity"/>



<h2 class="wp-block-heading">PRÁCTICAS PROFESIONALES</h2>


<p>Publicación del 16 de abril del 2026</p>


<p>El Equipo Directivo del IES Lola Mora, comparte los Espacios Curriculares que son <strong>Necesarios tener Aprobados</strong> para cursar las «Prácticas Profesionales» en sus diferentes Ofertas Académicas:</p>



<div class="wp-block-file"><object class="wp-block-file__embed" data="https://ieslolamora-tuc.infd.edu.ar/sitio/wp-content/uploads/2026/04/TABLA-DE-CORRELATIVAS-PARA-PRACTICAS-PROFESIONALES.pdf" type="application/pdf" style="width:100%;height:600px" aria-label="Incrustado de TABLA-DE-CORRELATIVAS-PARA-PRACTICAS-PROFESIONALES."></object><a id="wp-block-file--media-73801da5-2ec3-4f3a-ba98-72aae92ee717" href="https://ieslolamora-tuc.infd.edu.ar/sitio/wp-content/uploads/2026/04/TABLA-DE-CORRELATIVAS-PARA-PRACTICAS-PROFESIONALES.pdf">TABLA-DE-CORRELATIVAS-PARA-PRACTICAS-PROFESIONALES</a><a href="https://ieslolamora-tuc.infd.edu.ar/sitio/wp-content/uploads/2026/04/TABLA-DE-CORRELATIVAS-PARA-PRACTICAS-PROFESIONALES.pdf" class="wp-block-file__button wp-element-button" download aria-describedby="wp-block-file--media-73801da5-2ec3-4f3a-ba98-72aae92ee717">Descarga</a></div>



<hr class="wp-block-separator has-alpha-channel-opacity"/>



<h2 class="wp-block-heading">BECAS PROGRESAR &#8211; CONVOCATORIA 2026</h2>


<p><strong>El I.E.S. Lola Mora, comparte información sobre los requisitos y lineamientos de las Becas Progresar para Nivel Superior. </strong></p>
<p>Publicación del 09 de abril del 2026.</p>


<figure class="wp-block-image size-full"><img decoding="async" loading="lazy" width="1280" height="905" src="https://ieslolamora-tuc.infd.edu.ar/sitio/wp-content/uploads/2026/04/PROGRESAR-COMUNICADO.jpeg" alt="" class="wp-image-1931" srcset="https://ieslolamora-tuc.infd.edu.ar/sitio/wp-content/uploads/2026/04/PROGRESAR-COMUNICADO.jpeg 1280w, https://ieslolamora-tuc.infd.edu.ar/sitio/wp-content/uploads/2026/04/PROGRESAR-COMUNICADO-1000x707.jpeg 1000w, https://ieslolamora-tuc.infd.edu.ar/sitio/wp-content/uploads/2026/04/PROGRESAR-COMUNICADO-768x543.jpeg 768w" sizes="(max-width: 1280px) 100vw, 1280px" /><figcaption class="wp-element-caption">Escanea el Código QR y accede a la información de los requisitos de la nueva convocatoria.</figcaption></figure>



<p class="has-text-align-left">Se comparte el enlace de la página para inscripción: </p>



<p class="has-text-align-center"><a href="https://www.argentina.gob.ar/servicio/inscribirme-en-progresar-superior" target="_blank" rel="noreferrer noopener">argentina.gob.ar/…/inscribirme-en-progresar-superior</a></p>



<hr class="wp-block-separator has-alpha-channel-opacity"/>



<h2 class="wp-block-heading">COMUNICADO PARA MESAS DE EXÁMENES FINALES DE ABRIL</h2>


<p>Sección Alumnos &#8211; Publicación del 30 de Marzo de 2026</p>
<h4>Los Alumnos que deben completar los espacios curriculares para las «Prácticas Profesionales deberán inscribirse desde el 13 al 24 de Abril. El resto según cronograma compartido.</h4>
<p><a href="https://ieslm.distuc.com/mesaespecialabril2026">https://ieslm.distuc.com/mesaespecialabril2026</a></p>


<figure class="wp-block-image size-full"><img decoding="async" loading="lazy" width="1337" height="619" src="https://ieslolamora-tuc.infd.edu.ar/sitio/wp-content/uploads/2026/03/COMUNICADO-DE-MESAS-DE-EXAMEN-ABRIL-2026-1.jpg" alt="" class="wp-image-1890" srcset="https://ieslolamora-tuc.infd.edu.ar/sitio/wp-content/uploads/2026/03/COMUNICADO-DE-MESAS-DE-EXAMEN-ABRIL-2026-1.jpg 1337w, https://ieslolamora-tuc.infd.edu.ar/sitio/wp-content/uploads/2026/03/COMUNICADO-DE-MESAS-DE-EXAMEN-ABRIL-2026-1-1000x463.jpg 1000w, https://ieslolamora-tuc.infd.edu.ar/sitio/wp-content/uploads/2026/03/COMUNICADO-DE-MESAS-DE-EXAMEN-ABRIL-2026-1-768x356.jpg 768w" sizes="(max-width: 1337px) 100vw, 1337px" /></figure>



<hr class="wp-block-separator has-alpha-channel-opacity"/>



<h2 class="wp-block-heading">FICHA DE INSCRIPCIÓN PARA EL ALUMNO</h2>



<p>El Equipo de Sección Alumnos, facilita la <strong>Ficha de Inscripción</strong> para los alumnos ingresantes a 1° Año de Todas las Carreras del IES Lola Mora para descargar, completar y presentar con toda la documentación adjunta en Sección Alumnos.  </p>



<div class="wp-block-file"><object class="wp-block-file__embed" data="https://ieslolamora-tuc.infd.edu.ar/sitio/wp-content/uploads/2026/03/FICHA-DE-INSCRIPCION-INGRESO-A-1ER-ANO.pdf" type="application/pdf" style="width:100%;height:600px" aria-label="Incrustado de FICHA DE INSCRIPCIÓN -INGRESO A 1ER AÑO."></object><a id="wp-block-file--media-0f8145a3-ffc6-433f-9f92-ddfc422e83ac" href="https://ieslolamora-tuc.infd.edu.ar/sitio/wp-content/uploads/2026/03/FICHA-DE-INSCRIPCION-INGRESO-A-1ER-ANO.pdf">FICHA DE INSCRIPCIÓN -INGRESO A 1ER AÑO</a><a href="https://ieslolamora-tuc.infd.edu.ar/sitio/wp-content/uploads/2026/03/FICHA-DE-INSCRIPCION-INGRESO-A-1ER-ANO.pdf" class="wp-block-file__button wp-element-button" download aria-describedby="wp-block-file--media-0f8145a3-ffc6-433f-9f92-ddfc422e83ac">Descarga</a></div>



<p></p>



<hr class="wp-block-separator has-alpha-channel-opacity"/>



<h2 class="wp-block-heading">INGRESANTES 2026 IES LOLA MORA &#8211; REPROGRAMACIÓN DE FECHAS </h2>


<h3 style="text-align: center;"><span style="color: #ff0000;"><strong>RECTIFICACION DE FECHA DEL EXAMEN DE INGRESO PARA LOS PROFESORADOS DE INGLES y FRANCÉS</strong></span></h3>
<h4><span style="color: #ff0000;"><strong>En virtud de la suspensión de actividades por desinfección en esta Institución, programada por el Ministerio de Educación para el día 25/03/2026. Se reprograma el examen de ingreso para el día 26/03/2026&nbsp;</strong></span></h4>
<p><strong>INSCRIPCIONES PARA EXAMEN DE INGRESO</strong></p>
<ul>
<li>16 y 17 de Marzo de 19:30 a 21.30 Hs. para todas las Carreras.</li>
</ul>
<p><strong>FECHAS PARA EL EXAMEN DE INGRESO</strong></p>
<ul>
<li><strong>PROFESORADO DE INGLÉS:&nbsp; </strong>&nbsp;<span style="color: #ff0000;"><strong>Jueves 26</strong></span>&nbsp;de Marzo del 2026 a 19:00 Hs.</li>
<li><strong>PROFESORADO DE MATEMÁTICAS: </strong>&nbsp;Jueves 26 de Marzo del 2026 a 19:00 Hs.</li>
<li><strong>PROFESORADO DE ECONOMÍA:&nbsp;</strong>Jueves 26 de Marzo del 2026 a 19:00 Hs.</li>
<li><strong>PROFESORADO DE FRANCÉS: <span style="color: #ff0000;">Jueves 26</span></strong>&nbsp;de Marzo del 2026 a 19:00 Hs.</li>
</ul>
<p style="text-align: left;"><strong>Requisito:</strong> Estar Inscripto para el Examen &#8211; Presentar DNI o PASAPORTE</p>


<h2 class="wp-block-heading">REPROGRAMACIÓN DE MESAS DE EXAMEN &#8211; MARZO 2026</h2>



<div class="wp-block-file"><object class="wp-block-file__embed" data="https://ieslolamora-tuc.infd.edu.ar/sitio/wp-content/uploads/2026/03/Reprogramacion-de-Mesas-de-Examen-Marzo-2026.pdf" type="application/pdf" style="width:100%;height:600px" aria-label="Incrustado de Reprogramacion-de-Mesas-de-Examen-Marzo-2026."></object><a id="wp-block-file--media-598384f1-81de-4b8a-9069-bc2c5f194b57" href="https://ieslolamora-tuc.infd.edu.ar/sitio/wp-content/uploads/2026/03/Reprogramacion-de-Mesas-de-Examen-Marzo-2026.pdf">Reprogramacion-de-Mesas-de-Examen-Marzo-2026</a><a href="https://ieslolamora-tuc.infd.edu.ar/sitio/wp-content/uploads/2026/03/Reprogramacion-de-Mesas-de-Examen-Marzo-2026.pdf" class="wp-block-file__button wp-element-button" download aria-describedby="wp-block-file--media-598384f1-81de-4b8a-9069-bc2c5f194b57">Descarga</a></div>

<p>NOVEDADES PARA EL ALUMNO INGRESANTE 2026 Publicación del 16 de Abril del 2026 PRÁCTICAS PROFESIONALES Publicación del 16 de abril del 2026 El Equipo Directivo del IES Lola Mora, comparte los Espacios Curriculares que son Necesarios tener Aprobados para cursar las «Prácticas Profesionales» en sus diferentes Ofertas Académicas: BECAS PROGRESAR &#8211; CONVOCATORIA 2026 El I.E.S. &#8230; <a title="INFO ALUMNOS" class="read-more" href="https://ieslolamora-tuc.infd.edu.ar/sitio/info-alumnos/" aria-label="More on INFO ALUMNOS">[+]</a></p>
