{"id":846,"date":"2018-08-31T18:29:10","date_gmt":"2018-08-31T21:29:10","guid":{"rendered":"https:\/\/ieslolamora-tuc.infd.edu.ar\/sitio\/investigacion\/"},"modified":"2023-10-10T12:11:56","modified_gmt":"2023-10-10T15:11:56","slug":"investigacion","status":"publish","type":"page","link":"https:\/\/ieslolamora-tuc.infd.edu.ar\/sitio\/investigacion\/","title":{"rendered":"Investigaci\u00f3n"},"content":{"rendered":"<p>\u00a0<\/p>\n<p><span style=\"font-family: Verdana; font-size: small;\">El Instituto est\u00e1 organizando distintas actividades de Investigaci\u00f3n. Las mismas cuentan con la participaci\u00f3n de docentes y especialistas de todas las \u00e1reas.<\/span><\/p>\n<p><span style=\"font-family: Verdana; font-size: small;\">Investigadores de distintas instituciones (Institutos Superiores de Formaci\u00f3n Docente, Universidades, Escuelas) ejecutaron\u00a0 y ejecutan proyectos que apuntan a reflexionar e incidir sobre las pr\u00e1cticas de clases en los diferentes contextos de los Campos de Formaci\u00f3n Espec\u00edfica, Campo de Formaci\u00f3n General y Campo de Formaci\u00f3n Profesional.<\/span><\/p>\n<ul>\n<li>\n<div>Durante este a\u00f1o, participaron y se encuentran desarrollando investigaciones, los Equipos de Lenguas Extranjeras de Franc\u00e9s e Ingl\u00e9s, los equipos de Econom\u00eda y del \u00e1rea de Matem\u00e1tica.<\/div>\n<\/li>\n<li>\n<div>Destacamos la distinguida participaci\u00f3n de Estudiantes y Profesores del 4to a\u00f1o del Profesorado de Ingl\u00e9s en las Jornadas de Adquisici\u00f3n de Lenguas Extranjeras; y los estudiantes de Econom\u00eda y Franc\u00e9s en Ferias de Ciencia, en la presentaci\u00f3n del Proyecto de Emprendimientos e Inteligencia Artificial en Franc\u00e9s Lengua Extranjera.<\/div>\n<\/li>\n<\/ul>\n\n\n<figure class=\"wp-block-image size-large\"><img decoding=\"async\" loading=\"lazy\" width=\"1900\" height=\"1425\" src=\"https:\/\/ieslolamora-tuc.infd.edu.ar\/sitio\/wp-content\/uploads\/2023\/10\/Participacion-en-las-Jornadas-de-Adquisicion-en-la-Fac.-de-Filosofia-y-Letras-UNT-1900x1425.jpg\" alt=\"\" class=\"wp-image-1681\" srcset=\"https:\/\/ieslolamora-tuc.infd.edu.ar\/sitio\/wp-content\/uploads\/2023\/10\/Participacion-en-las-Jornadas-de-Adquisicion-en-la-Fac.-de-Filosofia-y-Letras-UNT-1900x1425.jpg 1900w, https:\/\/ieslolamora-tuc.infd.edu.ar\/sitio\/wp-content\/uploads\/2023\/10\/Participacion-en-las-Jornadas-de-Adquisicion-en-la-Fac.-de-Filosofia-y-Letras-UNT-1000x750.jpg 1000w, https:\/\/ieslolamora-tuc.infd.edu.ar\/sitio\/wp-content\/uploads\/2023\/10\/Participacion-en-las-Jornadas-de-Adquisicion-en-la-Fac.-de-Filosofia-y-Letras-UNT-768x576.jpg 768w, https:\/\/ieslolamora-tuc.infd.edu.ar\/sitio\/wp-content\/uploads\/2023\/10\/Participacion-en-las-Jornadas-de-Adquisicion-en-la-Fac.-de-Filosofia-y-Letras-UNT-1536x1152.jpg 1536w, https:\/\/ieslolamora-tuc.infd.edu.ar\/sitio\/wp-content\/uploads\/2023\/10\/Participacion-en-las-Jornadas-de-Adquisicion-en-la-Fac.-de-Filosofia-y-Letras-UNT-2048x1536.jpg 2048w\" sizes=\"(max-width: 1900px) 100vw, 1900px\" \/><figcaption class=\"wp-element-caption\">Estudiantes y Profesores de la Carrera de Ingl\u00e9s<\/figcaption><\/figure>\n\n\n\n<figure class=\"wp-block-image size-large\"><img decoding=\"async\" loading=\"lazy\" width=\"1900\" height=\"1425\" src=\"https:\/\/ieslolamora-tuc.infd.edu.ar\/sitio\/wp-content\/uploads\/2023\/10\/20230805_092138-1900x1425.jpg\" alt=\"\" class=\"wp-image-1682\" srcset=\"https:\/\/ieslolamora-tuc.infd.edu.ar\/sitio\/wp-content\/uploads\/2023\/10\/20230805_092138-1900x1425.jpg 1900w, https:\/\/ieslolamora-tuc.infd.edu.ar\/sitio\/wp-content\/uploads\/2023\/10\/20230805_092138-1000x750.jpg 1000w, https:\/\/ieslolamora-tuc.infd.edu.ar\/sitio\/wp-content\/uploads\/2023\/10\/20230805_092138-768x576.jpg 768w, https:\/\/ieslolamora-tuc.infd.edu.ar\/sitio\/wp-content\/uploads\/2023\/10\/20230805_092138-1536x1152.jpg 1536w, https:\/\/ieslolamora-tuc.infd.edu.ar\/sitio\/wp-content\/uploads\/2023\/10\/20230805_092138-2048x1536.jpg 2048w\" sizes=\"(max-width: 1900px) 100vw, 1900px\" \/><\/figure>\n\n\n\n<figure class=\"wp-block-image size-large\"><img decoding=\"async\" loading=\"lazy\" width=\"1900\" height=\"1425\" src=\"https:\/\/ieslolamora-tuc.infd.edu.ar\/sitio\/wp-content\/uploads\/2023\/10\/20230805_092147-1900x1425.jpg\" alt=\"\" class=\"wp-image-1683\" srcset=\"https:\/\/ieslolamora-tuc.infd.edu.ar\/sitio\/wp-content\/uploads\/2023\/10\/20230805_092147-1900x1425.jpg 1900w, https:\/\/ieslolamora-tuc.infd.edu.ar\/sitio\/wp-content\/uploads\/2023\/10\/20230805_092147-1000x750.jpg 1000w, https:\/\/ieslolamora-tuc.infd.edu.ar\/sitio\/wp-content\/uploads\/2023\/10\/20230805_092147-768x576.jpg 768w, https:\/\/ieslolamora-tuc.infd.edu.ar\/sitio\/wp-content\/uploads\/2023\/10\/20230805_092147-1536x1152.jpg 1536w, https:\/\/ieslolamora-tuc.infd.edu.ar\/sitio\/wp-content\/uploads\/2023\/10\/20230805_092147-2048x1536.jpg 2048w\" sizes=\"(max-width: 1900px) 100vw, 1900px\" \/><\/figure>\n\n\n\n<figure class=\"wp-block-image size-large\"><img decoding=\"async\" loading=\"lazy\" width=\"1900\" height=\"1425\" src=\"https:\/\/ieslolamora-tuc.infd.edu.ar\/sitio\/wp-content\/uploads\/2023\/10\/20230805_101857-1900x1425.jpg\" alt=\"\" class=\"wp-image-1684\" srcset=\"https:\/\/ieslolamora-tuc.infd.edu.ar\/sitio\/wp-content\/uploads\/2023\/10\/20230805_101857-1900x1425.jpg 1900w, https:\/\/ieslolamora-tuc.infd.edu.ar\/sitio\/wp-content\/uploads\/2023\/10\/20230805_101857-1000x750.jpg 1000w, https:\/\/ieslolamora-tuc.infd.edu.ar\/sitio\/wp-content\/uploads\/2023\/10\/20230805_101857-768x576.jpg 768w, https:\/\/ieslolamora-tuc.infd.edu.ar\/sitio\/wp-content\/uploads\/2023\/10\/20230805_101857-1536x1152.jpg 1536w, https:\/\/ieslolamora-tuc.infd.edu.ar\/sitio\/wp-content\/uploads\/2023\/10\/20230805_101857-2048x1536.jpg 2048w\" sizes=\"(max-width: 1900px) 100vw, 1900px\" \/><\/figure>\n\n\n\n<figure class=\"wp-block-image size-full\"><img decoding=\"async\" loading=\"lazy\" width=\"1200\" height=\"1600\" src=\"https:\/\/ieslolamora-tuc.infd.edu.ar\/sitio\/wp-content\/uploads\/2023\/10\/1.jpg\" alt=\"\" class=\"wp-image-1685\" srcset=\"https:\/\/ieslolamora-tuc.infd.edu.ar\/sitio\/wp-content\/uploads\/2023\/10\/1.jpg 1200w, https:\/\/ieslolamora-tuc.infd.edu.ar\/sitio\/wp-content\/uploads\/2023\/10\/1-750x1000.jpg 750w, https:\/\/ieslolamora-tuc.infd.edu.ar\/sitio\/wp-content\/uploads\/2023\/10\/1-768x1024.jpg 768w, https:\/\/ieslolamora-tuc.infd.edu.ar\/sitio\/wp-content\/uploads\/2023\/10\/1-1152x1536.jpg 1152w\" sizes=\"(max-width: 1200px) 100vw, 1200px\" \/><figcaption class=\"wp-element-caption\">Proyecto de Investigaci\u00f3n en Lengua Extranjera Franc\u00e9s. Presentaci\u00f3n en el marco de Feria de Ciencias<\/figcaption><\/figure>\n\n\n\n<figure class=\"wp-block-image size-full\"><img decoding=\"async\" loading=\"lazy\" width=\"1600\" height=\"1200\" src=\"https:\/\/ieslolamora-tuc.infd.edu.ar\/sitio\/wp-content\/uploads\/2023\/10\/Feria-de-Ciencias-en-Frances.jpg\" alt=\"\" class=\"wp-image-1686\" srcset=\"https:\/\/ieslolamora-tuc.infd.edu.ar\/sitio\/wp-content\/uploads\/2023\/10\/Feria-de-Ciencias-en-Frances.jpg 1600w, https:\/\/ieslolamora-tuc.infd.edu.ar\/sitio\/wp-content\/uploads\/2023\/10\/Feria-de-Ciencias-en-Frances-1000x750.jpg 1000w, https:\/\/ieslolamora-tuc.infd.edu.ar\/sitio\/wp-content\/uploads\/2023\/10\/Feria-de-Ciencias-en-Frances-768x576.jpg 768w, https:\/\/ieslolamora-tuc.infd.edu.ar\/sitio\/wp-content\/uploads\/2023\/10\/Feria-de-Ciencias-en-Frances-1536x1152.jpg 1536w\" sizes=\"(max-width: 1600px) 100vw, 1600px\" \/><\/figure>\n\n\n\n<figure class=\"wp-block-image size-full\"><img decoding=\"async\" loading=\"lazy\" width=\"1600\" height=\"1200\" src=\"https:\/\/ieslolamora-tuc.infd.edu.ar\/sitio\/wp-content\/uploads\/2023\/10\/IMG-20230704-WA0066.jpg\" alt=\"\" class=\"wp-image-1687\" srcset=\"https:\/\/ieslolamora-tuc.infd.edu.ar\/sitio\/wp-content\/uploads\/2023\/10\/IMG-20230704-WA0066.jpg 1600w, https:\/\/ieslolamora-tuc.infd.edu.ar\/sitio\/wp-content\/uploads\/2023\/10\/IMG-20230704-WA0066-1000x750.jpg 1000w, https:\/\/ieslolamora-tuc.infd.edu.ar\/sitio\/wp-content\/uploads\/2023\/10\/IMG-20230704-WA0066-768x576.jpg 768w, https:\/\/ieslolamora-tuc.infd.edu.ar\/sitio\/wp-content\/uploads\/2023\/10\/IMG-20230704-WA0066-1536x1152.jpg 1536w\" sizes=\"(max-width: 1600px) 100vw, 1600px\" \/><\/figure>\n","protected":false},"excerpt":{"rendered":"<p>\u00a0 El Instituto est\u00e1 organizando distintas actividades de Investigaci\u00f3n. Las mismas cuentan con la participaci\u00f3n de docentes y especialistas de todas las \u00e1reas. Investigadores de distintas instituciones (Institutos Superiores de Formaci\u00f3n Docente, Universidades, Escuelas) ejecutaron\u00a0 y ejecutan proyectos que apuntan a reflexionar e incidir sobre las pr\u00e1cticas de clases en los diferentes contextos de los &#8230; <a title=\"Investigaci\u00f3n\" class=\"read-more\" href=\"https:\/\/ieslolamora-tuc.infd.edu.ar\/sitio\/investigacion\/\" aria-label=\"More on Investigaci\u00f3n\">[+]<\/a><\/p>\n","protected":false},"author":2983,"featured_media":0,"parent":0,"menu_order":0,"comment_status":"closed","ping_status":"closed","template":"","meta":[],"acf":[],"_links":{"self":[{"href":"https:\/\/ieslolamora-tuc.infd.edu.ar\/sitio\/wp-json\/wp\/v2\/pages\/846"}],"collection":[{"href":"https:\/\/ieslolamora-tuc.infd.edu.ar\/sitio\/wp-json\/wp\/v2\/pages"}],"about":[{"href":"https:\/\/ieslolamora-tuc.infd.edu.ar\/sitio\/wp-json\/wp\/v2\/types\/page"}],"author":[{"embeddable":true,"href":"https:\/\/ieslolamora-tuc.infd.edu.ar\/sitio\/wp-json\/wp\/v2\/users\/2983"}],"replies":[{"embeddable":true,"href":"https:\/\/ieslolamora-tuc.infd.edu.ar\/sitio\/wp-json\/wp\/v2\/comments?post=846"}],"version-history":[{"count":1,"href":"https:\/\/ieslolamora-tuc.infd.edu.ar\/sitio\/wp-json\/wp\/v2\/pages\/846\/revisions"}],"predecessor-version":[{"id":1688,"href":"https:\/\/ieslolamora-tuc.infd.edu.ar\/sitio\/wp-json\/wp\/v2\/pages\/846\/revisions\/1688"}],"wp:attachment":[{"href":"https:\/\/ieslolamora-tuc.infd.edu.ar\/sitio\/wp-json\/wp\/v2\/media?parent=846"}],"curies":[{"name":"wp","href":"https:\/\/api.w.org\/{rel}","templated":true}]}}

Investigación

<p> </p>
<p><span style="font-family: Verdana; font-size: small;">El Instituto está organizando distintas actividades de Investigación. Las mismas cuentan con la participación de docentes y especialistas de todas las áreas.</span></p>
<p><span style="font-family: Verdana; font-size: small;">Investigadores de distintas instituciones (Institutos Superiores de Formación Docente, Universidades, Escuelas) ejecutaron  y ejecutan proyectos que apuntan a reflexionar e incidir sobre las prácticas de clases en los diferentes contextos de los Campos de Formación Específica, Campo de Formación General y Campo de Formación Profesional.</span></p>
<ul>
<li>
<div>Durante este año, participaron y se encuentran desarrollando investigaciones, los Equipos de Lenguas Extranjeras de Francés e Inglés, los equipos de Economía y del área de Matemática.</div>
</li>
<li>
<div>Destacamos la distinguida participación de Estudiantes y Profesores del 4to año del Profesorado de Inglés en las Jornadas de Adquisición de Lenguas Extranjeras; y los estudiantes de Economía y Francés en Ferias de Ciencia, en la presentación del Proyecto de Emprendimientos e Inteligencia Artificial en Francés Lengua Extranjera.</div>
</li>
</ul>


<figure class="wp-block-image size-large"><img decoding="async" loading="lazy" width="1900" height="1425" src="https://ieslolamora-tuc.infd.edu.ar/sitio/wp-content/uploads/2023/10/Participacion-en-las-Jornadas-de-Adquisicion-en-la-Fac.-de-Filosofia-y-Letras-UNT-1900x1425.jpg" alt="" class="wp-image-1681" srcset="https://ieslolamora-tuc.infd.edu.ar/sitio/wp-content/uploads/2023/10/Participacion-en-las-Jornadas-de-Adquisicion-en-la-Fac.-de-Filosofia-y-Letras-UNT-1900x1425.jpg 1900w, https://ieslolamora-tuc.infd.edu.ar/sitio/wp-content/uploads/2023/10/Participacion-en-las-Jornadas-de-Adquisicion-en-la-Fac.-de-Filosofia-y-Letras-UNT-1000x750.jpg 1000w, https://ieslolamora-tuc.infd.edu.ar/sitio/wp-content/uploads/2023/10/Participacion-en-las-Jornadas-de-Adquisicion-en-la-Fac.-de-Filosofia-y-Letras-UNT-768x576.jpg 768w, https://ieslolamora-tuc.infd.edu.ar/sitio/wp-content/uploads/2023/10/Participacion-en-las-Jornadas-de-Adquisicion-en-la-Fac.-de-Filosofia-y-Letras-UNT-1536x1152.jpg 1536w, https://ieslolamora-tuc.infd.edu.ar/sitio/wp-content/uploads/2023/10/Participacion-en-las-Jornadas-de-Adquisicion-en-la-Fac.-de-Filosofia-y-Letras-UNT-2048x1536.jpg 2048w" sizes="(max-width: 1900px) 100vw, 1900px" /><figcaption class="wp-element-caption">Estudiantes y Profesores de la Carrera de Inglés</figcaption></figure>



<figure class="wp-block-image size-large"><img decoding="async" loading="lazy" width="1900" height="1425" src="https://ieslolamora-tuc.infd.edu.ar/sitio/wp-content/uploads/2023/10/20230805_092138-1900x1425.jpg" alt="" class="wp-image-1682" srcset="https://ieslolamora-tuc.infd.edu.ar/sitio/wp-content/uploads/2023/10/20230805_092138-1900x1425.jpg 1900w, https://ieslolamora-tuc.infd.edu.ar/sitio/wp-content/uploads/2023/10/20230805_092138-1000x750.jpg 1000w, https://ieslolamora-tuc.infd.edu.ar/sitio/wp-content/uploads/2023/10/20230805_092138-768x576.jpg 768w, https://ieslolamora-tuc.infd.edu.ar/sitio/wp-content/uploads/2023/10/20230805_092138-1536x1152.jpg 1536w, https://ieslolamora-tuc.infd.edu.ar/sitio/wp-content/uploads/2023/10/20230805_092138-2048x1536.jpg 2048w" sizes="(max-width: 1900px) 100vw, 1900px" /></figure>



<figure class="wp-block-image size-large"><img decoding="async" loading="lazy" width="1900" height="1425" src="https://ieslolamora-tuc.infd.edu.ar/sitio/wp-content/uploads/2023/10/20230805_092147-1900x1425.jpg" alt="" class="wp-image-1683" srcset="https://ieslolamora-tuc.infd.edu.ar/sitio/wp-content/uploads/2023/10/20230805_092147-1900x1425.jpg 1900w, https://ieslolamora-tuc.infd.edu.ar/sitio/wp-content/uploads/2023/10/20230805_092147-1000x750.jpg 1000w, https://ieslolamora-tuc.infd.edu.ar/sitio/wp-content/uploads/2023/10/20230805_092147-768x576.jpg 768w, https://ieslolamora-tuc.infd.edu.ar/sitio/wp-content/uploads/2023/10/20230805_092147-1536x1152.jpg 1536w, https://ieslolamora-tuc.infd.edu.ar/sitio/wp-content/uploads/2023/10/20230805_092147-2048x1536.jpg 2048w" sizes="(max-width: 1900px) 100vw, 1900px" /></figure>



<figure class="wp-block-image size-large"><img decoding="async" loading="lazy" width="1900" height="1425" src="https://ieslolamora-tuc.infd.edu.ar/sitio/wp-content/uploads/2023/10/20230805_101857-1900x1425.jpg" alt="" class="wp-image-1684" srcset="https://ieslolamora-tuc.infd.edu.ar/sitio/wp-content/uploads/2023/10/20230805_101857-1900x1425.jpg 1900w, https://ieslolamora-tuc.infd.edu.ar/sitio/wp-content/uploads/2023/10/20230805_101857-1000x750.jpg 1000w, https://ieslolamora-tuc.infd.edu.ar/sitio/wp-content/uploads/2023/10/20230805_101857-768x576.jpg 768w, https://ieslolamora-tuc.infd.edu.ar/sitio/wp-content/uploads/2023/10/20230805_101857-1536x1152.jpg 1536w, https://ieslolamora-tuc.infd.edu.ar/sitio/wp-content/uploads/2023/10/20230805_101857-2048x1536.jpg 2048w" sizes="(max-width: 1900px) 100vw, 1900px" /></figure>



<figure class="wp-block-image size-full"><img decoding="async" loading="lazy" width="1200" height="1600" src="https://ieslolamora-tuc.infd.edu.ar/sitio/wp-content/uploads/2023/10/1.jpg" alt="" class="wp-image-1685" srcset="https://ieslolamora-tuc.infd.edu.ar/sitio/wp-content/uploads/2023/10/1.jpg 1200w, https://ieslolamora-tuc.infd.edu.ar/sitio/wp-content/uploads/2023/10/1-750x1000.jpg 750w, https://ieslolamora-tuc.infd.edu.ar/sitio/wp-content/uploads/2023/10/1-768x1024.jpg 768w, https://ieslolamora-tuc.infd.edu.ar/sitio/wp-content/uploads/2023/10/1-1152x1536.jpg 1152w" sizes="(max-width: 1200px) 100vw, 1200px" /><figcaption class="wp-element-caption">Proyecto de Investigación en Lengua Extranjera Francés. Presentación en el marco de Feria de Ciencias</figcaption></figure>



<figure class="wp-block-image size-full"><img decoding="async" loading="lazy" width="1600" height="1200" src="https://ieslolamora-tuc.infd.edu.ar/sitio/wp-content/uploads/2023/10/Feria-de-Ciencias-en-Frances.jpg" alt="" class="wp-image-1686" srcset="https://ieslolamora-tuc.infd.edu.ar/sitio/wp-content/uploads/2023/10/Feria-de-Ciencias-en-Frances.jpg 1600w, https://ieslolamora-tuc.infd.edu.ar/sitio/wp-content/uploads/2023/10/Feria-de-Ciencias-en-Frances-1000x750.jpg 1000w, https://ieslolamora-tuc.infd.edu.ar/sitio/wp-content/uploads/2023/10/Feria-de-Ciencias-en-Frances-768x576.jpg 768w, https://ieslolamora-tuc.infd.edu.ar/sitio/wp-content/uploads/2023/10/Feria-de-Ciencias-en-Frances-1536x1152.jpg 1536w" sizes="(max-width: 1600px) 100vw, 1600px" /></figure>



<figure class="wp-block-image size-full"><img decoding="async" loading="lazy" width="1600" height="1200" src="https://ieslolamora-tuc.infd.edu.ar/sitio/wp-content/uploads/2023/10/IMG-20230704-WA0066.jpg" alt="" class="wp-image-1687" srcset="https://ieslolamora-tuc.infd.edu.ar/sitio/wp-content/uploads/2023/10/IMG-20230704-WA0066.jpg 1600w, https://ieslolamora-tuc.infd.edu.ar/sitio/wp-content/uploads/2023/10/IMG-20230704-WA0066-1000x750.jpg 1000w, https://ieslolamora-tuc.infd.edu.ar/sitio/wp-content/uploads/2023/10/IMG-20230704-WA0066-768x576.jpg 768w, https://ieslolamora-tuc.infd.edu.ar/sitio/wp-content/uploads/2023/10/IMG-20230704-WA0066-1536x1152.jpg 1536w" sizes="(max-width: 1600px) 100vw, 1600px" /></figure>

<p>  El Instituto está organizando distintas actividades de Investigación. Las mismas cuentan con la participación de docentes y especialistas de todas las áreas. Investigadores de distintas instituciones (Institutos Superiores de Formación Docente, Universidades, Escuelas) ejecutaron  y ejecutan proyectos que apuntan a reflexionar e incidir sobre las prácticas de clases en los diferentes contextos de los &#8230; <a title="Investigación" class="read-more" href="https://ieslolamora-tuc.infd.edu.ar/sitio/investigacion/" aria-label="More on Investigación">[+]</a></p>
