{"id":849,"date":"2018-08-31T18:29:12","date_gmt":"2018-08-31T21:29:12","guid":{"rendered":"https:\/\/ieslolamora-tuc.infd.edu.ar\/sitio\/proyectos\/"},"modified":"2023-10-10T11:37:38","modified_gmt":"2023-10-10T14:37:38","slug":"proyectos","status":"publish","type":"page","link":"https:\/\/ieslolamora-tuc.infd.edu.ar\/sitio\/proyectos\/","title":{"rendered":"Proyectos"},"content":{"rendered":"<div style=\"text-align: center;\"><strong><span id=\"internal-source-marker_0.24270646017976105\">PROYECTO DE MEJORA INSTITUCIONAL 2012-2014<\/span><\/strong><\/div>\n<div style=\"text-align: center;\">\n<p><strong>PROYECTO DE FORTALECIMIENTO INSTITUCIONAL 2014-2023<\/strong><\/p>\n<div style=\"text-align: center;\"><strong>\u00a0<\/strong><\/div>\n<div style=\"text-align: justify;\">Temas prioritarios del PMI y del PFI enmarcados en los lineamientos jurisdiccionales.<\/div>\n<div style=\"text-align: justify;\">Proyectos aprobados por el INFOD &#8211; Instituto Nacional de Formaci\u00f3n Docente, a partir del 12 de diciembre 2012, con continuidad de proyectos aprobados a la fecha actual.<\/div>\n<div><\/div>\n<div style=\"text-align: center;\"><strong>Fortaleciendo las pr\u00e1cticas docentes: la ense\u00f1anza y la articulaci\u00f3n<\/strong><\/div>\n<div style=\"text-align: center;\"><strong>\u00a0<\/strong><\/div>\n<div style=\"text-align: justify;\"><strong>Objetivos Generales del Proyecto Institucional<\/strong><\/div>\n<div style=\"text-align: justify;\">a- Promover reuniones institucionales e interinstitucionales, sobre las pr\u00e1cticas docentes y la articulaci\u00f3n con distintos organismos;<\/div>\n<div style=\"text-align: justify;\">b- Generar nuevos espacios de participaci\u00f3n para toda la Comunidad Educativa;<br \/>\nc- Incrementar la participaci\u00f3n de los estudiantes residentes en las actividades de planificaci\u00f3n con los Establecimientos Asociados;<br \/>\nd- Socializar las experiencias en el campo de la pr\u00e1ctica, en talleres, ateneos, jornadas y mesas de trabajo;<br \/>\ne- Convocar a los estudiantes de 2do,3er y 4to a\u00f1o de los profesorados para integrar comisiones de apoyo y tutor\u00edas, para los alumnos ingresantes y para los alumnos del primer a\u00f1o;<\/div>\n<div style=\"text-align: justify;\">f- Fortalecer el acompa\u00f1amiento a los docentes noveles;<br \/>\ng- Implementar las pr\u00e1cticas docentes innovadoras con el acompa\u00f1amiento virtual (plataforma, campus del IES Lola Mora);<br \/>\nh- Crear una Comisi\u00f3n de Seguimiento para trabajar en las actuaciones de los residentes, y etapa de evaluaci\u00f3n y reflexi\u00f3n institucional;<\/div>\n<div style=\"text-align: justify;\">i- Crear distintas Comisiones de Coordinaci\u00f3n de funciones, a los fines de democratizar cada \u00e1rea institucional, motivando a todos los agentes a participar desde su rol, en este proyecto de mejora.<\/div>\n<div style=\"text-align: justify;\"><strong>Objetivos espec\u00edficos<\/strong><\/p>\n<p>a- Dise\u00f1ar espacios de talleres intensivos y concentrados, en cuanto a tem\u00e1ticas variadas y an\u00e1lisis de casos, a los fines de brindar una formaci\u00f3n integral a los residentes, docentes noveles y comunidad en general;<\/p>\n<\/div>\n<div style=\"text-align: justify;\">b- Fortalecer el acompa\u00f1amiento a toda la Comunidad Educativa del IES Lola Mora;<\/div>\n<div style=\"text-align: justify;\">b- Fortalecer el trabajo de investigaci\u00f3n en los campos de la Econom\u00eda, Franc\u00e9s, Ingl\u00e9s y Matem\u00e1tica.<br \/>\nc- Elaborar material digital con contenido did\u00e1ctico de cada \u00e1rea de profesorado;<\/div>\n<div style=\"text-align: justify;\">d- Creaci\u00f3n de una biblioteca innovadora.<\/div>\n<\/div>\n<p style=\"text-align: center;\"><strong>A\u00d1O 2022 &#8211; 2023<\/strong><\/p>\n<p>Durante el a\u00f1o 2022, presentamos en Naci\u00f3n los Proyectos de Fortalecimiento Institucional, el Proyecto de Becarios Progresar en el marco del Programa de Formaci\u00f3n y Certificaci\u00f3n en Lenguas Extranjeras Franc\u00e9s e Ingl\u00e9s con resultados importantes en cuanto a la aprobaci\u00f3n de becarios de diferentes regiones de nuestro pa\u00eds. Este a\u00f1o, continuamos con este Proyecto, invitados desde el Ministerio de la Naci\u00f3n para continuar con estas valiosas experiencias formativas.<\/p>\n<p>Adem\u00e1s, presentamos los Proyectos APE, Apoyo Pedag\u00f3gico a Escuelas, y el Proyecto de Sistemas de Tutor\u00edas: Ense\u00f1ar y Emprender, en el \u00e1mbito del acompa\u00f1amiento a las trayectorias estudiantiles: Formando Docentes: ampliando la participaci\u00f3n estudiantil.<\/p>\n<p>Cabe destacar que todos los Proyectos fueron aprobados por Ministerio de Educaci\u00f3n de la Naci\u00f3n, Ministerio de Educaci\u00f3n de la Provincia, e INFOD &#8211; Instituto Nacional de Formaci\u00f3n Docente.<\/p>\n","protected":false},"excerpt":{"rendered":"<p>PROYECTO DE MEJORA INSTITUCIONAL 2012-2014 PROYECTO DE FORTALECIMIENTO INSTITUCIONAL 2014-2023 \u00a0 Temas prioritarios del PMI y del PFI enmarcados en los lineamientos jurisdiccionales. Proyectos aprobados por el INFOD &#8211; Instituto Nacional de Formaci\u00f3n Docente, a partir del 12 de diciembre 2012, con continuidad de proyectos aprobados a la fecha actual. Fortaleciendo las pr\u00e1cticas docentes: la &#8230; <a title=\"Proyectos\" class=\"read-more\" href=\"https:\/\/ieslolamora-tuc.infd.edu.ar\/sitio\/proyectos\/\" aria-label=\"More on Proyectos\">[+]<\/a><\/p>\n","protected":false},"author":2983,"featured_media":0,"parent":0,"menu_order":0,"comment_status":"closed","ping_status":"closed","template":"","meta":[],"acf":[],"_links":{"self":[{"href":"https:\/\/ieslolamora-tuc.infd.edu.ar\/sitio\/wp-json\/wp\/v2\/pages\/849"}],"collection":[{"href":"https:\/\/ieslolamora-tuc.infd.edu.ar\/sitio\/wp-json\/wp\/v2\/pages"}],"about":[{"href":"https:\/\/ieslolamora-tuc.infd.edu.ar\/sitio\/wp-json\/wp\/v2\/types\/page"}],"author":[{"embeddable":true,"href":"https:\/\/ieslolamora-tuc.infd.edu.ar\/sitio\/wp-json\/wp\/v2\/users\/2983"}],"replies":[{"embeddable":true,"href":"https:\/\/ieslolamora-tuc.infd.edu.ar\/sitio\/wp-json\/wp\/v2\/comments?post=849"}],"version-history":[{"count":2,"href":"https:\/\/ieslolamora-tuc.infd.edu.ar\/sitio\/wp-json\/wp\/v2\/pages\/849\/revisions"}],"predecessor-version":[{"id":1679,"href":"https:\/\/ieslolamora-tuc.infd.edu.ar\/sitio\/wp-json\/wp\/v2\/pages\/849\/revisions\/1679"}],"wp:attachment":[{"href":"https:\/\/ieslolamora-tuc.infd.edu.ar\/sitio\/wp-json\/wp\/v2\/media?parent=849"}],"curies":[{"name":"wp","href":"https:\/\/api.w.org\/{rel}","templated":true}]}}

<div style="text-align: center;"><strong><span id="internal-source-marker_0.24270646017976105">PROYECTO DE MEJORA INSTITUCIONAL 2012-2014</span></strong></div>
<div style="text-align: center;">
<p><strong>PROYECTO DE FORTALECIMIENTO INSTITUCIONAL 2014-2023</strong></p>
<div style="text-align: center;"><strong> </strong></div>
<div style="text-align: justify;">Temas prioritarios del PMI y del PFI enmarcados en los lineamientos jurisdiccionales.</div>
<div style="text-align: justify;">Proyectos aprobados por el INFOD &#8211; Instituto Nacional de Formación Docente, a partir del 12 de diciembre 2012, con continuidad de proyectos aprobados a la fecha actual.</div>
<div></div>
<div style="text-align: center;"><strong>Fortaleciendo las prácticas docentes: la enseñanza y la articulación</strong></div>
<div style="text-align: center;"><strong> </strong></div>
<div style="text-align: justify;"><strong>Objetivos Generales del Proyecto Institucional</strong></div>
<div style="text-align: justify;">a- Promover reuniones institucionales e interinstitucionales, sobre las prácticas docentes y la articulación con distintos organismos;</div>
<div style="text-align: justify;">b- Generar nuevos espacios de participación para toda la Comunidad Educativa;<br />
c- Incrementar la participación de los estudiantes residentes en las actividades de planificación con los Establecimientos Asociados;<br />
d- Socializar las experiencias en el campo de la práctica, en talleres, ateneos, jornadas y mesas de trabajo;<br />
e- Convocar a los estudiantes de 2do,3er y 4to año de los profesorados para integrar comisiones de apoyo y tutorías, para los alumnos ingresantes y para los alumnos del primer año;</div>
<div style="text-align: justify;">f- Fortalecer el acompañamiento a los docentes noveles;<br />
g- Implementar las prácticas docentes innovadoras con el acompañamiento virtual (plataforma, campus del IES Lola Mora);<br />
h- Crear una Comisión de Seguimiento para trabajar en las actuaciones de los residentes, y etapa de evaluación y reflexión institucional;</div>
<div style="text-align: justify;">i- Crear distintas Comisiones de Coordinación de funciones, a los fines de democratizar cada área institucional, motivando a todos los agentes a participar desde su rol, en este proyecto de mejora.</div>
<div style="text-align: justify;"><strong>Objetivos específicos</strong></p>
<p>a- Diseñar espacios de talleres intensivos y concentrados, en cuanto a temáticas variadas y análisis de casos, a los fines de brindar una formación integral a los residentes, docentes noveles y comunidad en general;</p>
</div>
<div style="text-align: justify;">b- Fortalecer el acompañamiento a toda la Comunidad Educativa del IES Lola Mora;</div>
<div style="text-align: justify;">b- Fortalecer el trabajo de investigación en los campos de la Economía, Francés, Inglés y Matemática.<br />
c- Elaborar material digital con contenido didáctico de cada área de profesorado;</div>
<div style="text-align: justify;">d- Creación de una biblioteca innovadora.</div>
</div>
<p style="text-align: center;"><strong>AÑO 2022 &#8211; 2023</strong></p>
<p>Durante el año 2022, presentamos en Nación los Proyectos de Fortalecimiento Institucional, el Proyecto de Becarios Progresar en el marco del Programa de Formación y Certificación en Lenguas Extranjeras Francés e Inglés con resultados importantes en cuanto a la aprobación de becarios de diferentes regiones de nuestro país. Este año, continuamos con este Proyecto, invitados desde el Ministerio de la Nación para continuar con estas valiosas experiencias formativas.</p>
<p>Además, presentamos los Proyectos APE, Apoyo Pedagógico a Escuelas, y el Proyecto de Sistemas de Tutorías: Enseñar y Emprender, en el ámbito del acompañamiento a las trayectorias estudiantiles: Formando Docentes: ampliando la participación estudiantil.</p>
<p>Cabe destacar que todos los Proyectos fueron aprobados por Ministerio de Educación de la Nación, Ministerio de Educación de la Provincia, e INFOD &#8211; Instituto Nacional de Formación Docente.</p>

<p>PROYECTO DE MEJORA INSTITUCIONAL 2012-2014 PROYECTO DE FORTALECIMIENTO INSTITUCIONAL 2014-2023   Temas prioritarios del PMI y del PFI enmarcados en los lineamientos jurisdiccionales. Proyectos aprobados por el INFOD &#8211; Instituto Nacional de Formación Docente, a partir del 12 de diciembre 2012, con continuidad de proyectos aprobados a la fecha actual. Fortaleciendo las prácticas docentes: la &#8230; <a title="Proyectos" class="read-more" href="https://ieslolamora-tuc.infd.edu.ar/sitio/proyectos/" aria-label="More on Proyectos">[+]</a></p>
